{"id":270,"date":"2022-04-30T10:34:40","date_gmt":"2022-04-30T10:34:40","guid":{"rendered":"https:\/\/profalexcursos.com.br\/?post_type=product&#038;p=270"},"modified":"2025-08-03T12:47:22","modified_gmt":"2025-08-03T12:47:22","slug":"apostila-prf","status":"publish","type":"product","link":"https:\/\/profalexcursos.com.br\/?product=apostila-prf","title":{"rendered":"Apostila PRF- REDA\u00c7\u00c3O DISCURSIVA"},"content":{"rendered":"<p>Comece a estudar agora mesmo para o concurso que vai mudar a sua vida.<\/p>\n<p>A PRF \u00e9 um sonho que pode ser realidade!<\/p>\n<p>A reda\u00e7\u00e3o \u00e9 crucial para sua aprova\u00e7\u00e3o!<\/p>\n<p>APOSTILA POSSUI:<\/p>\n<p>12 MODELOS PRONTOS<\/p>\n<p>10 POSS\u00cdVEIS TEMAS<\/p>\n<p>ESQUELETO, DICAS DE ESTRUTURA, CONECTIVOS E MUITO MAIS!<\/p>\n","protected":false},"excerpt":{"rendered":"<p>Nesta apostila, voc\u00ea ter\u00e1 acesso a informa\u00e7\u00f5es privilegiadas para obter um excelente desempenho na discursiva. Voc\u00ea encontrar\u00e1 modelos e conectivos variados, temas com potenciais chances de cair, reda\u00e7\u00f5es prontas e muito mais.<\/p>\n<p>12 Reda\u00e7\u00f5es prontas esquematizadas<\/p>\n<p>10 Temas para voc\u00ea treinar<\/p>\n<p>Dicas de conectivos, argumentos, gram\u00e1tica aplicada ao texto<\/p>\n","protected":false},"featured_media":3339,"comment_status":"open","ping_status":"closed","template":"","meta":{"_monsterinsights_skip_tracking":false,"_monsterinsights_sitenote_active":false,"_monsterinsights_sitenote_note":"","_monsterinsights_sitenote_category":0,"_uf_show_specific_survey":0,"_uf_disable_surveys":false},"product_brand":[],"product_cat":[25],"product_tag":[],"class_list":{"0":"post-270","1":"product","2":"type-product","3":"status-publish","4":"has-post-thumbnail","6":"product_cat-cursos-e-apostilas","8":"first","9":"instock","10":"sale","11":"virtual","12":"purchasable","13":"product-type-simple"},"aioseo_notices":[],"jetpack_sharing_enabled":true,"_links":{"self":[{"href":"https:\/\/profalexcursos.com.br\/index.php?rest_route=\/wp\/v2\/product\/270","targetHints":{"allow":["GET"]}}],"collection":[{"href":"https:\/\/profalexcursos.com.br\/index.php?rest_route=\/wp\/v2\/product"}],"about":[{"href":"https:\/\/profalexcursos.com.br\/index.php?rest_route=\/wp\/v2\/types\/product"}],"replies":[{"embeddable":true,"href":"https:\/\/profalexcursos.com.br\/index.php?rest_route=%2Fwp%2Fv2%2Fcomments&post=270"}],"wp:featuredmedia":[{"embeddable":true,"href":"https:\/\/profalexcursos.com.br\/index.php?rest_route=\/wp\/v2\/media\/3339"}],"wp:attachment":[{"href":"https:\/\/profalexcursos.com.br\/index.php?rest_route=%2Fwp%2Fv2%2Fmedia&parent=270"}],"wp:term":[{"taxonomy":"product_brand","embeddable":true,"href":"https:\/\/profalexcursos.com.br\/index.php?rest_route=%2Fwp%2Fv2%2Fproduct_brand&post=270"},{"taxonomy":"product_cat","embeddable":true,"href":"https:\/\/profalexcursos.com.br\/index.php?rest_route=%2Fwp%2Fv2%2Fproduct_cat&post=270"},{"taxonomy":"product_tag","embeddable":true,"href":"https:\/\/profalexcursos.com.br\/index.php?rest_route=%2Fwp%2Fv2%2Fproduct_tag&post=270"}],"curies":[{"name":"wp","href":"https:\/\/api.w.org\/{rel}","templated":true}]}}