{"id":2991,"date":"2024-12-27T19:45:06","date_gmt":"2024-12-27T19:45:06","guid":{"rendered":"https:\/\/profalexcursos.com.br\/?post_type=product&#038;p=2991"},"modified":"2024-12-29T11:21:00","modified_gmt":"2024-12-29T11:21:00","slug":"apostila-de-redacao-discursiva-cebraspe-tecnico-judiciario","status":"publish","type":"product","link":"https:\/\/profalexcursos.com.br\/?product=apostila-de-redacao-discursiva-cebraspe-tecnico-judiciario","title":{"rendered":"APOSTILA DE REDA\u00c7\u00c3O DISCURSIVA CEBRASPE- T\u00c9CNICO JUDICI\u00c1RIO"},"content":{"rendered":"<p><strong>APOSTILA CEBRASPE &#8211; TRT- T\u00c9CNICO JUDICI\u00c1RIO<\/strong><\/p>\n<p><i>PARA TODOS OS CARGOS DE T\u00c9CNICO, INCLUSIVE <\/i><em>POL\u00cdCIA JUDICI\u00c1RIA<\/em><\/p>\n<p><strong>11 MODELOS PRONTOS<\/strong><\/p>\n<p><strong>SUGEST\u00d5ES DE TEMAS<\/strong><\/p>\n<p><strong>DICAS DE ARGUMENTOS<\/strong><\/p>\n<p><strong>ESTRUTURA<\/strong><\/p>\n<p><strong>CONECTIVOS E MUITO MAIS<\/strong><\/p>\n","protected":false},"excerpt":{"rendered":"<p><strong>APOSTILA CEBRASPE &#8211; T\u00c9CNICO JUDICI\u00c1RIO<\/strong><\/p>\n<p><i>PARA TODOS OS CARGOS DE T\u00c9CNICO, INCLUSIVE <\/i><em>POL\u00cdCIA JUDICI\u00c1RIA<\/em><\/p>\n<p><strong>11 MODELOS PRONTOS<\/strong><\/p>\n<p><strong>SUGEST\u00d5ES DE TEMAS<\/strong><\/p>\n<p><strong>DICAS DE ARGUMENTOS<\/strong><\/p>\n<p><strong>ESTRUTURA<\/strong><\/p>\n<p><strong>CONECTIVOS E MUITO MAIS<\/strong><\/p>\n","protected":false},"featured_media":2996,"comment_status":"open","ping_status":"closed","template":"","meta":{"_monsterinsights_skip_tracking":false,"_monsterinsights_sitenote_active":false,"_monsterinsights_sitenote_note":"","_monsterinsights_sitenote_category":0,"_uf_show_specific_survey":0,"_uf_disable_surveys":false},"product_brand":[],"product_cat":[25],"product_tag":[],"class_list":{"0":"post-2991","1":"product","2":"type-product","3":"status-publish","4":"has-post-thumbnail","6":"product_cat-cursos-e-apostilas","8":"first","9":"instock","10":"sale","11":"virtual","12":"purchasable","13":"product-type-simple"},"aioseo_notices":[],"jetpack_sharing_enabled":true,"_links":{"self":[{"href":"https:\/\/profalexcursos.com.br\/index.php?rest_route=\/wp\/v2\/product\/2991","targetHints":{"allow":["GET"]}}],"collection":[{"href":"https:\/\/profalexcursos.com.br\/index.php?rest_route=\/wp\/v2\/product"}],"about":[{"href":"https:\/\/profalexcursos.com.br\/index.php?rest_route=\/wp\/v2\/types\/product"}],"replies":[{"embeddable":true,"href":"https:\/\/profalexcursos.com.br\/index.php?rest_route=%2Fwp%2Fv2%2Fcomments&post=2991"}],"wp:featuredmedia":[{"embeddable":true,"href":"https:\/\/profalexcursos.com.br\/index.php?rest_route=\/wp\/v2\/media\/2996"}],"wp:attachment":[{"href":"https:\/\/profalexcursos.com.br\/index.php?rest_route=%2Fwp%2Fv2%2Fmedia&parent=2991"}],"wp:term":[{"taxonomy":"product_brand","embeddable":true,"href":"https:\/\/profalexcursos.com.br\/index.php?rest_route=%2Fwp%2Fv2%2Fproduct_brand&post=2991"},{"taxonomy":"product_cat","embeddable":true,"href":"https:\/\/profalexcursos.com.br\/index.php?rest_route=%2Fwp%2Fv2%2Fproduct_cat&post=2991"},{"taxonomy":"product_tag","embeddable":true,"href":"https:\/\/profalexcursos.com.br\/index.php?rest_route=%2Fwp%2Fv2%2Fproduct_tag&post=2991"}],"curies":[{"name":"wp","href":"https:\/\/api.w.org\/{rel}","templated":true}]}}