{"id":3576,"date":"2026-03-11T13:32:00","date_gmt":"2026-03-11T13:32:00","guid":{"rendered":"https:\/\/profalexcursos.com.br\/?post_type=product&#038;p=3576"},"modified":"2026-03-20T13:21:06","modified_gmt":"2026-03-20T13:21:06","slug":"pm-al-apostila-de-redacao","status":"publish","type":"product","link":"https:\/\/profalexcursos.com.br\/?product=pm-al-apostila-de-redacao","title":{"rendered":"PM-AL &#8211; APOSTILA DE REDA\u00c7\u00c3O"},"content":{"rendered":"<p><strong>APOSTILA DE REDA\u00c7\u00c3O- PMAL- BANCA CEBRASPE<\/strong><\/p>\n<p><strong>POSSUI 14 MODELOS PRONTOS<\/strong><\/p>\n<p><strong>10 SUGEST\u00d5ES DE TEMAS PARA TREINAR<\/strong><\/p>\n<p><strong>DICAS DE ARGUMENTOS<\/strong><\/p>\n<p><strong>GRAM\u00c1TICA TEXTUAL<\/strong><\/p>\n<p><strong>ESTRUTURA\u00a0<\/strong><\/p>\n<p><strong>CONECTIVOS<\/strong><\/p>\n<p><strong>ESQUELETO E MUITO MAIS!<\/strong><\/p>\n","protected":false},"excerpt":{"rendered":"<p>APOSTILA DE REDA\u00c7\u00c3O- PMAL- BANCA CEBRASPE<\/p>\n<p>POSSUI 14 MODELOS PRONTOS<\/p>\n<p>10 SUGEST\u00d5ES DE TEMAS PARA TREINAR<\/p>\n<p>DICAS DE ARGUMENTOS<\/p>\n<p>GRAM\u00c1TICA TEXTUAL<\/p>\n<p>ESTRUTURA\u00a0<\/p>\n<p>CONECTIVOS<\/p>\n<p>ESQUELETO E MUITO MAIS!<\/p>\n","protected":false},"featured_media":3585,"comment_status":"open","ping_status":"closed","template":"","meta":{"_monsterinsights_skip_tracking":false,"_monsterinsights_sitenote_active":false,"_monsterinsights_sitenote_note":"","_monsterinsights_sitenote_category":0,"_uf_show_specific_survey":0,"_uf_disable_surveys":false},"product_brand":[],"product_cat":[25],"product_tag":[],"class_list":{"0":"post-3576","1":"product","2":"type-product","3":"status-publish","4":"has-post-thumbnail","6":"product_cat-cursos-e-apostilas","8":"first","9":"instock","10":"sale","11":"virtual","12":"purchasable","13":"product-type-simple"},"aioseo_notices":[],"jetpack_sharing_enabled":true,"_links":{"self":[{"href":"https:\/\/profalexcursos.com.br\/index.php?rest_route=\/wp\/v2\/product\/3576","targetHints":{"allow":["GET"]}}],"collection":[{"href":"https:\/\/profalexcursos.com.br\/index.php?rest_route=\/wp\/v2\/product"}],"about":[{"href":"https:\/\/profalexcursos.com.br\/index.php?rest_route=\/wp\/v2\/types\/product"}],"replies":[{"embeddable":true,"href":"https:\/\/profalexcursos.com.br\/index.php?rest_route=%2Fwp%2Fv2%2Fcomments&post=3576"}],"wp:featuredmedia":[{"embeddable":true,"href":"https:\/\/profalexcursos.com.br\/index.php?rest_route=\/wp\/v2\/media\/3585"}],"wp:attachment":[{"href":"https:\/\/profalexcursos.com.br\/index.php?rest_route=%2Fwp%2Fv2%2Fmedia&parent=3576"}],"wp:term":[{"taxonomy":"product_brand","embeddable":true,"href":"https:\/\/profalexcursos.com.br\/index.php?rest_route=%2Fwp%2Fv2%2Fproduct_brand&post=3576"},{"taxonomy":"product_cat","embeddable":true,"href":"https:\/\/profalexcursos.com.br\/index.php?rest_route=%2Fwp%2Fv2%2Fproduct_cat&post=3576"},{"taxonomy":"product_tag","embeddable":true,"href":"https:\/\/profalexcursos.com.br\/index.php?rest_route=%2Fwp%2Fv2%2Fproduct_tag&post=3576"}],"curies":[{"name":"wp","href":"https:\/\/api.w.org\/{rel}","templated":true}]}}