{"id":3601,"date":"2026-04-04T14:18:07","date_gmt":"2026-04-04T14:18:07","guid":{"rendered":"https:\/\/profalexcursos.com.br\/?post_type=product&#038;p=3601"},"modified":"2026-04-04T14:18:07","modified_gmt":"2026-04-04T14:18:07","slug":"ale-rr-apostila-de-redacao-fcc","status":"publish","type":"product","link":"https:\/\/profalexcursos.com.br\/?product=ale-rr-apostila-de-redacao-fcc","title":{"rendered":"ALE RR- APOSTILA DE REDA\u00c7\u00c3O FCC"},"content":{"rendered":"<p>APOSTILA DE REDA\u00c7\u00c3O ALE RR- ANALISTA LEGISLATIVO &#8211; FCC<br \/>\nTODAS AS ESPECIALIDADES<\/p>\n<p>POSSUI 14 MODELOS PRONTOS NO ESTILO FCC<br \/>\n15 SUGEST\u00d5ES DE TEMAS<br \/>\nREPERT\u00d3RIOS NO ESTILO DA BANCA<br \/>\nDICAS DE ARGUMENTOS<br \/>\nGRAM\u00c1TICA TEXTUAL<br \/>\nESQUELETO E MUITO MAIS!<br \/>\nTEMOS SERVI\u00c7O DE CORRE\u00c7\u00c3O! CONSULTE<\/p>\n<p>AP\u00d3S A COMPRA VOC\u00ca RECEBER\u00c1 VIA PDF EM SEU E-MAIL CADASTRADO.<\/p>\n<p>D\u00favidas? Fale conosco pelo Whats  71 99172-5198<\/p>\n","protected":false},"excerpt":{"rendered":"<p>APOSTILA DE REDA\u00c7\u00c3O ALE RR- ANALISTA LEGISLATIVO &#8211; FCC<br \/>\nTODAS AS ESPECIALIDADES<\/p>\n<p>POSSUI 14 MODELOS PRONTOS NO ESTILO FCC<br \/>\n15 SUGEST\u00d5ES DE TEMAS<br \/>\nREPERT\u00d3RIOS NO ESTILO DA BANCA<br \/>\nDICAS DE ARGUMENTOS<br \/>\nGRAM\u00c1TICA TEXTUAL<br \/>\nESQUELETO E MUITO MAIS!<br \/>\nTEMOS SERVI\u00c7O DE CORRE\u00c7\u00c3O! CONSULTE<\/p>\n<p>AP\u00d3S A COMPRA VOC\u00ca RECEBER\u00c1 VIA PDF EM SEU E-MAIL CADASTRADO.<\/p>\n<p>D\u00favidas? Fale conosco pelo Whats  71 99172-5198<\/p>\n","protected":false},"featured_media":3602,"comment_status":"open","ping_status":"closed","template":"","meta":{"_monsterinsights_skip_tracking":false,"_monsterinsights_sitenote_active":false,"_monsterinsights_sitenote_note":"","_monsterinsights_sitenote_category":0,"_uf_show_specific_survey":0,"_uf_disable_surveys":false},"product_brand":[],"product_cat":[25],"product_tag":[],"class_list":{"0":"post-3601","1":"product","2":"type-product","3":"status-publish","4":"has-post-thumbnail","6":"product_cat-cursos-e-apostilas","8":"first","9":"instock","10":"sale","11":"virtual","12":"purchasable","13":"product-type-simple"},"aioseo_notices":[],"jetpack_sharing_enabled":true,"_links":{"self":[{"href":"https:\/\/profalexcursos.com.br\/index.php?rest_route=\/wp\/v2\/product\/3601","targetHints":{"allow":["GET"]}}],"collection":[{"href":"https:\/\/profalexcursos.com.br\/index.php?rest_route=\/wp\/v2\/product"}],"about":[{"href":"https:\/\/profalexcursos.com.br\/index.php?rest_route=\/wp\/v2\/types\/product"}],"replies":[{"embeddable":true,"href":"https:\/\/profalexcursos.com.br\/index.php?rest_route=%2Fwp%2Fv2%2Fcomments&post=3601"}],"wp:featuredmedia":[{"embeddable":true,"href":"https:\/\/profalexcursos.com.br\/index.php?rest_route=\/wp\/v2\/media\/3602"}],"wp:attachment":[{"href":"https:\/\/profalexcursos.com.br\/index.php?rest_route=%2Fwp%2Fv2%2Fmedia&parent=3601"}],"wp:term":[{"taxonomy":"product_brand","embeddable":true,"href":"https:\/\/profalexcursos.com.br\/index.php?rest_route=%2Fwp%2Fv2%2Fproduct_brand&post=3601"},{"taxonomy":"product_cat","embeddable":true,"href":"https:\/\/profalexcursos.com.br\/index.php?rest_route=%2Fwp%2Fv2%2Fproduct_cat&post=3601"},{"taxonomy":"product_tag","embeddable":true,"href":"https:\/\/profalexcursos.com.br\/index.php?rest_route=%2Fwp%2Fv2%2Fproduct_tag&post=3601"}],"curies":[{"name":"wp","href":"https:\/\/api.w.org\/{rel}","templated":true}]}}